727
2005474 (base 11) to base 9
6611134
993807 (base 11) to base 10
1586196
Convert -21445330 (base 9) to base 13.
-21bb2b4
24a4a4 (base 14) to base 8
4630320
Convert -3365445 (base 7) to base 9.
-708663
Convert -24272056 (base 8) to base 14.
-9cd570
23ba2 (base 13) to base 15
14704
-542674 (base 10) to base 4
-2010133102
Convert 27730 (base 13) to base 10.
73723
Convert 1100110101010011101111 (base 2) to base 16.
3354ef
1352246 (base 7) to base 15
388e8
1202110012201 (base 3) to base 8
3440163
What is 200020310 (base 6) in base 5?
1330040223
40314200 (base 5) to base 7
2513560
What is 11e964 (base 16) in base 15?
182c25
What is -2e0ce (base 16) in base 8?
-560316
Convert 3e0cbd (base 16) to base 9.
7577155
Convert 55a3d (base 16) to base 15.
6de06
Convert -4c506 (base 15) to base 3.
-110101212220
Convert 126452 (base 9) to base 11.
52874
What is 666218 (base 10) in base 3?
1020211212202
-20012212212021 (base 3) to base 9
-6185767
Convert -5211202 (base 6) to base 13.
-89c9c
Convert -12730477 (base 8) to base 6.
-141212331
Convert 14316132 (base 7) to base 13.
3830a3
b16a4 (base 12) to base 16
3859c
-12112303301 (base 4) to base 2
-110010110110011110001
Convert 11268 (base 15) to base 6.
1100312
Convert -1102322130 (base 4) to base 15.
-6a95c
-3388329 (base 11) to base 5
-3004113011
What is 583801 (base 10) in base 4?
2032201321
-21232310 (base 4) to base 11
-27a47
What is -23021334 (base 7) in base 8?
-7514546
-124443 (base 6) to base 15
-35a3
1011000000110000 (base 2) to base 16
b030
Convert 458619 (base 10) to base 2.
1101111111101111011
Convert -14370 (base 9) to base 11.
-7394
-2aa254 (base 13) to base 15
-15b433
13b605 (base 12) to base 9
553835
123241204 (base 5) to base 14
1198c7
Convert -11116 (base 14) to base 3.
-2002202110
What is -3740016 (base 9) in base 3?
-10211100000120
What is -16141237 (base 8) in base 13?
-a031b6
1208658 (base 9) to base 15
ce525
Convert 111100111110100111010 (base 2) to base 16.
1e7d3a
-2325633 (base 9) to base 7
-13454430
What is -43832 (base 9) in base 12?
-14a18
Convert 17d47 (base 14) to base 7.
340420
Convert 65ba8 (base 13) to base 6.
3541244
Convert -10263107 (base 9) to base 15.
-67978d
What is 2012055 (base 6) in base 9?
154368
Convert 977b3 (base 15) to base 3.
220102210120
Convert -5500001 (base 6) to base 4.
-1002130201
What is -520334351 (base 6) in base 11?
-5088497
-1011112200010 (base 3) to base 2
-10010111100101000100
Convert -437415 (base 8) to base 9.
-243840
-1330334 (base 5) to base 13
-c377
Convert 977354 (base 10) to base 13.
282b21
What is -1312d6 (base 14) in base 3?
-1020100101222
-16a8d (base 15) to base 13
-27463
Convert 40050255 (base 6) to base 4.
10102332323
-13035401 (base 6) to base 16
-67c39
What is 1df657 (base 16) in base 3?
10200202120012
Convert -122332311 (base 4) to base 16.
-1afb5
What is 3200252 (base 6) in base 3?
21220110212
What is -7c242 (base 16) in base 14?
-d3442
Convert -302044120 (base 5) to base 16.
-126790
Convert 3272182 (base 12) to base 5.
4424320331
What is 111202103 (base 4) in base 7?
515114
111111000010111 (base 2) to base 15
986e
33443 (base 7) to base 4
2010023
Convert 16a2702 (base 11) to base 13.
7a1567
Convert -33977 (base 13) to base 16.
-16ec5
Convert -2514224 (base 6) to base 14.
-36dcc
What is -1100812 (base 10) in base 3?
-2001221000211
Convert -2c920 (base 14) to base 8.
-331700
What is -12000210211 (base 3) in base 16?
-182bc
Convert 210120200221020 (base 3) to base 10.
11469309
4110204310 (base 5) to base 4
133213131100
What is -81150 (base 11) in base 2?
-11100111101101011
What is 92bc7 (base 14) in base 2?
1010110010100011011
What is 37416322 (base 8) in base 11?
4735609
13a7450 (base 11) to base 13
665520
What is -92b82 (base 14) in base 12?
-1506a6
-645436 (base 7) to base 3
-12201011101
Convert 29845a (base 12) to base 7.
5640124
Convert 6848 (base 15) to base 11.
15688
Convert 2411154 (base 7) to base 13.
a8cb1
What is 2ac73 (base 14) in base 5?
11403400
Convert 323d9b (base 14) to base 12.
6a0605
What is 2101212213 (base 4) in base 16?
919a7
Convert c64743 (base 14) to base 13.
15061ca
What is -10100011010100001 (base 2) in base 5?
-10133432
-100110011111111111 (base 2) to base 14
-4167d
What is -1636a (base 11) in base 4?
-11220122
6c13 (base 16) to base 10
27667
Convert 6100303 (base 8) to base 11.
9a7533
Convert 20803513 (base 9) to base 13.
21073a7
What is 6572640 (base 8) in base 15?
24d77b
-7226 (base 8) to base 5
-104414
Convert 9434 (base 11) to base 5.
400000
ad829 (base 14) to base 15
84d0c
-172277 (base 9) to base 5
-11403131
313142 (base 6) to base 15
778e
Convert 6050137 (base 8) to base 15.
2171e4
Convert -3a817b (base 13) to base 3.
-2200000012221
Convert -193682 (base 13) to base 4.
-2123102111
-15604 (base 11) to base 16
-560a
98f08 (base 16) to base 9
1154274
What is c5fef3 (base 16) in base 13?
28c4230
Convert 5772 (base 9) to base 5.
114102
1044014124 (base 5) to base 16
238ac9
Convert 718 (base 16) to base 15.
811
Convert -157829 (base 14) to base 5.
-143010332
What is -57b57 (base 15) in base 10?
-279307
What is 12036706 (base 8) in base 11?
1541454
What is 74d773 (base 15) in base 14?
a4b81d
Convert -103a38 (base 12) to base 16.
-3e60c
What is -6380071 (base 9) in base 15?
-477c9a
241012221 (base 5) to base 9
2072048
What is -3001210122 (base 4) in base 16?
-c191a
What is 25aa5 (base 13) in base 4?
101010230
What is -1010100101001100000 (base 2) in base 3?
-122121121111
What is -2132443 (base 6) in base 5?
-11334304
What is -10011013132 (base 4) in base 15?
-161d74
Convert 34553005 (base 9) to base 4.
1000012300301
Convert -52740 (base 11) to base 9.
-126256
Convert -14263322 (base 7) to base 2.
-101000111111101110111
What is -1134411 (base 7) in base 14?
-3a2b1
Convert 10661254 (base 7) to base 5.
220024041
What is -120121112210 (base 3) in base 12?
-129a10
Convert 5db6 (base 14) to base 9.
24473
a7744 (base 14) to base 4
1202311000
Convert 12104240440 (base 5) to base 7.
231064422
Convert 2022120102001 (base 3) to base 5.
303402304
Convert -3310323232 (base 4) to base 5.
-224100441
-10513220 (base 6) to base 8
-1162514
Convert -31436263 (base 7) to base 8.
-12124716
What is 517885 (base 10) in base 15?
a36aa
Convert -11101100110000101001001 (base 2) to base 14.
-105d45b
What is 220022202001 (base 3) in base 14?
c6697
91012b (base 12) to base 4
20213312303
What is -2e681c (base 15) in base 9?
-4207750
Convert -244411011 (base 6) to base 12.
-16a6a67
What is 11221030 (base 4) in base 3?
1011201011
-415b84 (base 14) to base 11
-12771a6
Convert 1321013111 (base 4) to base 2.
1111001000111010101
What is 1134441 (base 6) in base 9?
100367
101010001101111111110 (base 2) to base 11
865427
Convert 10210000121100 (base 3) to base 6.
111012443
What is 10022221202202 (base 3) in base 14?
341376
What is -123972 (base 11) in base 9?
-327145
What is -102000333 (base 4) in base 7?
-425064
11235602 (base 8) to base 7
26511616
Convert -1546b2 (base 13) to base 11.
-3287a5
What is 3208066 (base 11) in base 15?
768505
Convert 31211031020 (base 4) to base 11.
2011974
What is -258924 (base 10) in base 11?
-167596
What is eb4c5 (base 15) in base 9?
1357565
Convert 12a636 (base 12) to base 9.
520146
-7524350 (base 8) to base 2
-111101010100011101000
What is -4068776 (base 10) in base 8?
-17412650
77b606 (base 15) to base 4
111301223001
Convert -211310000 (base 4) to base 16.
-25d00
Convert -413cb1 (base 13) to base 15.
-20119b
What is 102121200122210 (base 3) in base 12?
2099179
-2218442 (base 11) to base 12
-1377917
What is 20213030131 (base 4) in base 14?
42aabb
What is 567633 (base 10) in base 15?
b32c3
-3255434 (base 6) to base 7
-1246636
What is -9028 (base 16) in base 15?
-ae04
479356 (base 11) to base 16
b9536
Convert -2b9611 (base 14) to base 5.
-342232421
What is -10111000100111100110 (base 2) in base 3?
-1102102022100
What is -699917 (base 14) in base 13?
-9902b2
What is a011 (base 12) in base 16?
438d
Convert -67c44d (base 14) to base 12.
-1222745
What is b16b0 (base 16) in base 3?
1100220211222
What is 1846cb (base 15) in base 6?
41140132
Convert 2302102310 (base 4) to base 10.
730292
What is 11404310 (base 5) in base 15?
219c0
110100222222012 (base 3) to base 8
31050024
-400647 (base 9) to base 5
-30033400
Wh